 4*h + 5*y - 192. Let n = h - 43. Suppose -37 = n*r + 33. Determine i(r).
-16
Let q be (0*3/(-6))/4. Suppose q = 4*l - 0*h - 3*h - 6, 2*h + 11 = 5*l. Let n(g) = -5*g - 7*g**l - 5*g + 6*g**3 + 4 + 9*g**2 + g. Determine n(8).
-4
Suppose -23*t = -315 - 158 - 539. Let m(h) = -2*h + 76. What is m(t)?
-12
Let u = 2791 - 2815. Let m(r) = -r**2 - 21*r + 74. Determine m(u).
2
Let b(c) = -31*c**2 + 16*c + 25. Let a(n) = 8*n**2. Let p(x) = -4*a(x) - b(x). Calculate p(-16).
-25
Let o(x) = -2*x - 23. Let u be o(-11). Let j(h) = 1001*h + 16*h**2 - 1000*h - 2*h**2 - 2*h**2. Determine j(u).
11
Let f(x) = -x + 6. Let s = 311 + -309. Suppose 14 = s*z + 3*o - 0, 2*o = 0. What is f(z)?
-1
Let y(j) = -2*j**2 + 19*j - 12. Let w(f) = -f**2 + 10*f - 6. Let s(o) = -5*w(o) + 3*y(o). Suppose 257*b - 2142 = -49*b. Determine s(b).
-6
Suppose 0 = -4*a + 54 - 126. Let v be 1*(-5)/(30/a). Let z(p) = p**2 - 6*p + 1. Determine z(v).
-8
Let z(p) = p**2 + 1. Suppose -4*l = -9*l - k - 12, -l = k. Let w(v) = -2*v**3 - 6*v**2 - 2*v - 4. Let f(r) = l*z(r) - w(r). Give f(-2).
-7
Let d(g) = -2*g + 2. Let j(m) = m**3 - 29*m**2 - 28*m - 30. Let b be j(30). Suppose 0 = 9*z - b - 24. What is d(z)?
-10
Suppose 4*u + 0 = 12. Let n(y) be the third derivative of y**5/60 - y**4/24 - y**3/3 - y**2 - 33*y + 69. What is n(u)?
4
Let x(t) be the first derivative of 5*t - 16 - 1/2*t**2. Give x(-5).
10
Let o(s) = -1. Let x(v) = -1. Let u(c) = -6*o(c) + 5*x(c). Let j(k) = -2*k - 4. Let r(p) = j(p) + 5*u(p). Let g = 121 + -118. What is r(g)?
-5
Let q(m) be the second derivative of m**5/20 + 11*m**4/12 + 7*m**3/6 - m**2/2 + 5*m + 36. Let a = -176 + 166. What is q(a)?
29
Let i(y) = 3*y**2. Let n = -8 - 15. Let c be (n - -22)/((-1)/59). Let m = c + -57. What is i(m)?
12
Suppose -4*x - 40 = 40. Let f(z) = z**2 + 20*z - 3. Let r be f(x). Let g be ((-2)/r)/((-4)/18). Let t(y) = y**3 + 3*y**2 + 3*y - 2. Calculate t(g).
-11
Suppose 110 = 8*p + 38 + 56. Let w(b) = -b**3 + 9*b**2 - 13*b - 3. Calculate w(p).
-1
Let b(h) = 31*h**3 + 14*h**2 + 14*h + 9. Let r(k) = 15*k**3 + 6*k**2 + 6*k + 3. Let c(a) = -2*b(a) + 5*r(a). Determine c(1).
14
Let g(v) = v**2 - 6*v - 4. Let k(b) = 21 - 5 - 7 + b**2 + 10*b + 2. Let l be k(-12). Let a = -29 + l. What is g(a)?
-4
Suppose -5*f = -1498 + 1348. Suppose f = 91*g - 76*g. Let u(h) = -h. Let l(c) = 8*c - 2. Let t(m) = l(m) + 12*u(m). Give t(g).
-10
Let y(k) be the third derivative of k**4/4 + 55*k**3/2 + 2341*k**2 + 2. Calculate y(-25).
15
Let i(f) = -3 - 2*f + 9*f + 4. Suppose -5 = -4*j - 3*k - 4, -3*k = -5*j + 35. Determine i(j).
29
Let c(f) = -4*f**2 + 103*f - 662. Let l be c(13). Let k(i) be the second derivative of 17*i**5/20 - i**3/3 + i**2/2 - 2*i. Determine k(l).
16
Let d(i) = -14*i + 5. Let y(v) = -12*v + 4. Let f(a) = -4*d(a) + 5*y(a). Suppose -1 = 2*g + 5*j, 4*g - 5*j = -0*g + 13. Determine f(g).
-8
Let l = -7235 + 7222. Let v(b) = -b + 37. Calculate v(l).
50
Let v(x) be the first derivative of -x**4/4 + 8*x**3 + 23*x**2/2 + 45*x - 243. Give v(25).
-5
Let p be 25/4 - 1/4. Let n(s) be the first derivative of 16 + s**2 - 2*s**3 + 2*s + 1/4*s**4. What is n(p)?
14
Let j(f) = -4*f**2 + 15*f - 10. Let z(d) = 5*d**2 - 18*d + 11. Let k(u) = 6*j(u) + 5*z(u). Let b(y) = -6*y**2 + 77*y + 13. Let o be b(13). Determine k(o).
-5
Let n(i) = i**2 + 12*i - 17. Let z be n(-14). Let s(g) = -g**2 + 15*g + 18. Let u be s(16). Suppose -3*r + z = u. Let q(k) = k**2 - 7*k + 3. Calculate q(r).
-9
Let y be (12/(-5))/(6/(-20)). Let u = y + -6. Let m(v) = -1106*v**2 - 2 + 12*v + 551*v**2 - 12*v + 554*v**2. Give m(u).
-6
Let p(h) be the first derivative of -1/4*h**4 + h - 38 + 2/3*h**3 + 3/2*h**2. Give p(3).
1
Let s(j) be the second derivative of -3*j**2 - 65 - 7/6*j**3 + j + 1/20*j**5 - 5/12*j**4. Calculate s(6).
-12
Let i(d) = -171 + 35*d - 18*d - 15*d + 9*d + d**2. Give i(-20).
9
Let d(a) be the first derivative of 2*a - 2*a**2 + 1/3*a**3 + 5. Give d(8).
34
Let v(a) = -35 - 15*a + 0*a + 5*a - 3*a + 6*a. Give v(-4).
-7
Let d(q) = q**2 - q - 1. Let h(t) = t**3 - 10*t**2 + 4*t + 4. Let z(u) = -6*d(u) - h(u). Let i = -70 + 74. What is z(i)?
10
Suppose -23*l + 31 = -9*l - 11. Let u(q) = 19*q - 3. Determine u(l).
54
Let i(n) = -7*n - 4*n - 7 - 2*n + 65 + 2*n. Give i(5).
3
Let k(v) = 14*v**2 - 24 + 4 - 38*v**2 - 19*v + 32*v**2. Calculate k(-1).
7
Let u = -92 - -95. Let z(j) = 3*j**3 - 4*j**2 - 150 + 3*j + 146 - 4*j**u. Calculate z(-5).
6
Let q(f) = 11*f**2 + f. Let g be q(-1). Suppose -3*a + 9*a = 0. Suppose a = 2*p + h + g, p + 0*p + 2 = h. Let n(o) = -o. Give n(p).
4
Let b be (-2)/(-12) - (-1 - (-46)/(-12)). Suppose -j = b*j - 12. Let v(u) = -3 - 5*u + 3*u**2 - 2*u**j + 11*u. Calculate v(-3).
-12
Let h(b) = b**3 + 43*b**2 - 22*b**2 - 7 - 27*b**2 - 7*b. Let x(c) = -c**2 + 18*c - 43. Let g be x(15). Let u(q) = q**2 + q + 1. Let r be u(g). Calculate h(r).
-7
Let d(f) = 665*f - 8. Let v(b) = -998*b + 9. Let a(g) = -3*d(g) - 2*v(g). Suppose 4*p = -18 + 6. Determine a(p).
3
Let x(f) = 41*f**2 + 14*f + 21. Let a(g) = 15*g**2 + 5*g + 8. Let w(n) = -8*a(n) + 3*x(n). Determine w(-2).
7
Let k(d) = -2*d**3 - 3*d**2 - 3*d - 1. Let i = -21 + 16. Let q(n) = -n**3 - 5*n**2 - 5*n - 5. Let x be q(i). Let g = x + -22. What is k(g)?
9
Let g(o) = -o**2 + 11*o - 17. Let w = 1301 + -840. Let z = w + -452. Calculate g(z).
1
Let b(o) = 17*o**2 - 34*o + 8. Let p(v) = 16*v**2 - 40*v + 7. Let q(c) = 8*b(c) - 9*p(c). Determine q(11).
1
Let b(w) be the second derivative of -w**4/24 + w**3/2 - 5*w**2 - 41*w. Let n(d) be the first derivative of b(d). Let q = -32 + 27. Give n(q).
8
Let g be (-1 - 15)*(-94 - -93). Let x(a) = -3*a + 30. Give x(g).
-18
Let n be ((-2100)/1225)/(8/28). Let o(i) be the first derivative of 3*i**2/2 + 8*i - 1. Calculate o(n).
-10
Let g(z) be the second derivative of -z**4/12 - 2*z**3/3 - 5*z**2/2 + 3*z. Let n(l) = l**2 - 23*l - 30. Let o be n(21). Let i = -77 - o. What is g(i)?
-10
Let b = 192 - -260. Let a = 451 - b. Let n(z) be the second derivative of z**4 - z**3/6 + z. Determine n(a).
13
Let g(w) = -8*w**2 + 12*w + 29. Let z(i) = 2*i**2 - 3*i - 9. Let p(u) = -2*g(u) - 7*z(u). Give p(-6).
95
Let j be 1/21 + (-12464)/(-6384). Let s(h) = -225*h + 455. Determine s(j).
5
Let r(z) = 12*z + 26. Let o be r(-2). Let m(q) = 4*q**o - 270*q - 335 + 336 + 267*q. Give m(2).
11
Let f(w) be the third derivative of w**6/120 + 17*w**5/60 - w**4/24 + 7*w**3/6 + 2082*w**2. Calculate f(-17).
24
Let t = 91 - 68. Let g = t - 9. Let k(s) = g*s - s**3 + 8*s + 10*s - 33*s + 2*s**2. Calculate k(1).
0
Let l(q) = -q**3 - q**2 - q + 4. Let d(s) = -1. Let v(u) = -d(u) + l(u). Let y = -381 - -636. Let f = y + -255. What is v(f)?
5
Let j(l) = l**2 - 11*l - 18. Suppose -15*g - 54 = -21*g. Give j(g).
-36
Let z(x) = -3*x + 3. Let g be z(3). Let d(v) = -v + 1. Let j(p) = -p**3 - 16*p**2 - 10*p - 8. Let l(h) = g*d(h) - j(h). Calculate l(-15).
-13
Let z(i) = 4*i + 56. Let b be (-210)/60*40/7. Determine z(b).
-24
Let s(d) = 19*d + 21. Suppose 209*h + 152 = 379*h - 246*h. Determine s(h).
-17
Let i(o) = o**2 - 7*o + 5. Let m = -25 + 7. Let x be ((-55)/33)/(3/m*2). What is i(x)?
-5
Let a(l) be the second derivative of l**5/20 - 13*l**4/12 + l**3/6 - 3*l**2 + 595*l - 14. Suppose 2*j - 46 = 4*u, -5*j - 38 + 123 = -4*u. Calculate a(j).
7
Suppose 61*l + 3090 = -416*l + 705. Let y(g) = 3*g**3 + 8*g**2 + 3*g. Let i(j) = j**3 + j**2 - 1. Let b(z) = -2*i(z) + y(z). What is b(l)?
12
Let l(q) = 2*q**2 - 17*q - 13. Let u = -2811 + 2819. What is l(u)?
-21
Suppose -145*y = -141*y - 8. Let v(c) = -26*c + 42*c - 21*c - 8 - y. Calculate v(-4).
10
Let y(m) = -5*m**2 + 2*m - 12. Let s(o) = -9*o**2 + 6*o - 23. Let k = -337 + 341. Let r(n) = k*s(n) - 7*y(n). What is r(6)?
16
Let o(b) = b**2 - 5*b - 8. Let y(h) = -h**2 + 4*h + 7. Let a(f) = 5*o(f) + 6*y(f). Let n = -44 - -62. Suppose 5*x = n - 8. Give a(x).
-4
Let u(o) be the first derivative of 10*o**2 - 92*o + 4453. Calculate u(5).
8
Suppose 11 = 4*u - 2*b + 1, -6 = -5*u - 4*b. Let w(q) = 2*q + 46*q**u + 2 - 16*q**2 + 5*q - 29*q**2 + 3*q. Calculate w(-9).
-7
Suppose 0 = 2*c - 0 + 4. Let q(p) be the second derivative of 27*p + 0 - 1/6*p**3 + 1/20*p**5 + 1/12*p**4 + 1/2*p**2. Give q(c).
-1
Let t(x) = -x**3 - 2*x + 29. Suppose -6*g + 19*g = -33*g + 4*g. Calculate t(g).
29
Let y(o) = -o**3 + o**2 + o + 29. Let b